 m be d(-3). Let q be ((m - 1) + -2)*-1. Let v = q - -5. Calculate the remainder when 4 is divided by v.
1
Suppose 0*y = 3*y - 90. What is the remainder when 59 is divided by y?
29
What is the remainder when 138 is divided by (1*-5)/((-11)/77)?
33
Suppose 0 = -b - 3*a + 11, -2*b + 0*a - 4*a + 12 = 0. Calculate the remainder when 22 is divided by (b + 6)/(2/8).
6
Let x(z) = z**2 + 8*z - 4. Let m be x(-9). Suppose m*i - 56 = 9. Calculate the remainder when 24 is divided by i.
11
Suppose 5*t + 12 = 62. Let v(i) = 10*i - 12. What is the remainder when v(5) is divided by t?
8
Let h(b) = -b**3 - 8*b**2 - 11. Let a(q) = -q**3 - 8*q**2 - 11. Let m(v) = 2*a(v) - 3*h(v). What is the remainder when 42 is divided by m(-8)?
9
Suppose 4*m - 37 = 3*h, 3*h - 15 = -m - 2. What is the remainder when 30 - (3 + (1 - 3)) is divided by m?
9
Let t = -46 + -10. Let i = -27 - t. Suppose 7*x = 2*s + 4*x - 61, -s = -2*x - i. Calculate the remainder when s is divided by 18.
17
Let d(m) = -m**3 - 6*m**2 + 7*m + 4. Calculate the remainder when d(-7) is divided by 4.
0
Let i = -157 + 99. Let x = -21 - i. Let y(f) = 2*f**2 - 5*f + 1. What is the remainder when x is divided by y(4)?
11
Suppose -12 = -4*q + 3*q. What is the remainder when 2*(35 - -1) + -2 is divided by q?
10
Suppose l + 98 = 3*l + 2*n, -n - 1 = 0. What is the remainder when l is divided by 10 - 1/(3/(-9))?
11
Let i(u) = 3*u**2 - 8*u. Let x be i(6). Suppose 4*s = 3*s + x. Suppose 12 = -4*h + s. What is the remainder when 22 is divided by h?
10
Suppose -j - 5*q = -59, q + 175 = 4*j - 103. What is the remainder when j is divided by 14?
13
What is the remainder when 38 is divided by (-1144)/(-55) - 4/5?
18
Let y = 11 + -8. Suppose 20 = 3*u - 10. Calculate the remainder when u is divided by y.
1
Let r = 28 - -7. Let t = 5 + -1. Suppose -g + r = t*g. What is the remainder when 20 is divided by g?
6
Let q be -26*2*(-1)/4. Suppose -5*y = -q + 3. Suppose -y*c = 2*c - 68. What is the remainder when 33 is divided by c?
16
Suppose 2*h - 88 = -2*p, 49 = -2*p - h + 132. What is the remainder when 111 is divided by p?
33
Suppose p + 4*p - 15 = 0. Suppose 5*q = 4*j - j + 20, 5*q + 2*j - 45 = 0. What is the remainder when q is divided by p?
1
Let f = 3 - 0. Calculate the remainder when 6/3 + 4 + -1 is divided by f.
2
Let j(c) = 18*c**2 + 2*c + 2. What is the remainder when 35 is divided by j(-1)?
17
Suppose -3*h + 8*h - 552 = -4*t, -4*h - t = -435. Let g(y) = -y + 7. What is the remainder when (0 - (-3)/6)*h is divided by g(-7)?
12
Suppose 2*v - 2 - 38 = 0. What is the remainder when 38 is divided by v?
18
Suppose q = -q + 52. Let b = -8 + q. What is the remainder when 35 is divided by b?
17
Suppose -3*v + 125 = -28. Calculate the remainder when v is divided by 27.
24
Let f be (-3)/(3 - 0)*8. Let t(l) = -4*l + 10. Let m be t(f). Suppose u = 3*g - 52, -2*g - 4*u + u = -m. Calculate the remainder when 34 is divided by g.
16
Let z = -79 - -174. What is the remainder when z is divided by 24?
23
Let k(x) = x**3 + x + 1. Let g be k(0). Calculate the remainder when 13 is divided by (-8)/1*-1 - g.
6
Let k(c) = 2*c**2 - 14*c + 9. Let f(u) = 8*u**3 - u**2 - u + 1. Let x be f(1). Let o = 14 + 12. What is the remainder when o is divided by k(x)?
8
Let i(c) = 4*c + 1. Suppose -t + 68 = 1. What is the remainder when t is divided by i(4)?
16
Suppose 3 = -d, 5*i = d + 48 + 210. Suppose -19 = -s - 6. What is the remainder when i is divided by s?
12
Suppose n = 4*q + 4*n, -2*q + 26 = -5*n. Let c = 56 + -60. Calculate the remainder when 3 is divided by q*(0 - c/6).
1
Suppose -4*u = -3*s - 224, 5*s = -u - 11 + 44. Calculate the remainder when u is divided by 14.
11
Suppose 5*l + 90 = -3*n, 5*l + 5*n = -0*n - 80. Let v = -2 - l. What is the remainder when 75 is divided by v?
18
Let x = 6 + 64. Calculate the remainder when x is divided by 15.
10
Let u be (1/2)/(16/(-192)). Let m = -5 + 34. What is the remainder when m is divided by ((1 - 3) + u)/(-1)?
5
Suppose 0 = 4*t + 2*w - 7*w - 653, 349 = 2*t + 5*w. Calculate the remainder when t is divided by 21.
20
Let k = 43 + -24. Calculate the remainder when k is divided by 10.
9
Suppose 0 = 2*w + 10 - 2. Let r = 2 - w. What is the remainder when 10 is divided by r?
4
Let k = 8 - 1. Let i(u) = -u**2 + 11*u - 10. Calculate the remainder when i(k) is divided by 7.
4
Let s(h) = 4*h**2 - 2. Calculate the remainder when s(-3) is divided by 9.
7
Let c(o) = 3 - 3 - o + 1 - 23*o. What is the remainder when 73 is divided by c(-1)?
23
Let b be 10/25 - (-18)/5. Suppose -5*u + 7 = -b*u. Let h = -3 + u. Calculate the remainder when 7 is divided by h.
3
Suppose 5*v = 24 - 9. Suppose y + v*s = 2*y - 27, y + 4*s = -1. Calculate the remainder when 28 is divided by y.
13
Let y = -1 - -26. Calculate the remainder when y is divided by 14.
11
Let o = 13 + -7. What is the remainder when 23 is divided by o?
5
Suppose 37 = -3*o + i, -i - 57 + 17 = 4*o. Let t = -2 - o. What is the remainder when 34 is divided by t?
7
Let l be (1 - -3)*3/4. Let x(t) = 2*t**3 - t**2 - 4*t + 4. What is the remainder when x(l) is divided by 20?
17
Let t = 85 - 71. Suppose r = 3 + 2. Calculate the remainder when t is divided by r.
4
Suppose 5*z = z + 48. Calculate the remainder when 46 is divided by z.
10
Suppose 2*v - v = t - 3, 0 = 4*t - 2*v - 12. Let o(p) = 4*p**2 + t + p**2 + 4*p + 0*p**2. Calculate the remainder when o(-2) is divided by 8.
7
Suppose -a = 4*a - 75. Let t = a - 2. Suppose 3*g - 5 = t. Calculate the remainder when 21 is divided by g.
3
What is the remainder when 4*1/8*70 is divided by 9?
8
Suppose 2*f - x - 9 = 4*x, 0 = 5*f - x - 80. Let t(h) = 6*h + 5. Let j be t(-5). Calculate the remainder when (0 - j/(-3))*-6 is divided by f.
16
Suppose 0 = 4*i - 0*w - 4*w + 8, 4*i - 24 = -4*w. Suppose -i*v - v + 21 = 0. What is the remainder when v is divided by 2?
1
What is the remainder when ((1 - 34)*(-130)/(-30))/(-1) is divided by 16?
15
Let f(y) be the third derivative of -y**4/6 - y**3/2 - 2*y**2. Let h = -5 - -7. Calculate the remainder when f(-2) is divided by h.
1
Let l(a) = -1 + 4*a + 4*a - 2*a. Let s be l(10). Let r = s + -42. Calculate the remainder when r is divided by 6.
5
Suppose 4*f - 81 = -5*g, -6*f + 65 = -f - g. Suppose c + 30 = 2*z, f = 3*z + 2*c - 31. Calculate the remainder when z is divided by 8.
7
Let b be ((-3)/(-2))/(6/8). What is the remainder when 31 is divided by (17*b)/(4/2)?
14
Suppose 4*h - 37 - 41 = q, -3*q = 5*h - 89. Let z = h + -7. Calculate the remainder when z is divided by 5.
2
Suppose 0*m + 7 = m. What is the remainder when m - 2 - (1 + -1) is divided by 3/6 + (-9)/(-6)?
1
Calculate the remainder when 4*(102/8 + -1) is divided by 24.
23
Let p be 168/(-6)*(-4)/2. Let w = 81 - p. Calculate the remainder when 47 is divided by w.
22
Let r(t) = -t**2 + 5*t**3 + 16 - 12*t**2 - 7*t - 6*t**3 + 2*t**2. Calculate the remainder when r(-11) is divided by 16.
13
Let p(h) = 2*h**2 - 13*h + 7. Calculate the remainder when 27 is divided by p(7).
13
Suppose -d + 16 = d. Suppose -4*v + 65 - 13 = 0. Calculate the remainder when v is divided by d.
5
Suppose -2*u = u - 24. Suppose -u*m + 3*m + 10 = 0. Suppose 0 = v - 2*s - 3, -2 = -2*v - m*s + 4. What is the remainder when 8 is divided by v?
2
Suppose -2 = -4*m + 14. Suppose 4*k + 77 = 2*f + f, 0 = -4*f - m*k + 140. Calculate the remainder when f is divided by 16.
15
Let p(r) = -r**3 - 8*r**2 - 3*r - 11. Let u be p(-8). Calculate the remainder when 154/6 + 1/3 is divided by (-3)/(0 + -3) + u.
12
Let b(o) = 4*o**2 - 15*o + 3. Calculate the remainder when b(6) is divided by 20.
17
Let y = -4 + 4. Suppose -2*l - 4*g - g + 9 = y, 0 = 2*l - 3*g + 31. Calculate the remainder when 42 is divided by (-64)/(-3) + l/(-12).
20
Suppose m - 4*j = -5, 0 = 5*m - m + 4*j. Let h = -9 - m. Let w = 13 + h. What is the remainder when w is divided by 2?
1
Let c be (60/(-50))/((-3)/160). Suppose 4*h = 28 + c. What is the remainder when h is divided by 13?
10
Suppose -17 = 4*k - b - 187, 3*k = -b + 124. Calculate the remainder when k is divided by 11.
9
Suppose 0*v - 63 = -3*v. Suppose -3*k + 46 = 2*x, 4*x = k - 5*k + 68. What is the remainder when v is divided by k?
9
Let y(p) = -p**2 - 4*p + 3. Let s be y(-4). Suppose -s = -3*z + 2*z. Suppose 2*h + 8 = 4*h. What is the remainder when h is di